{"id":17,"date":"2014-05-12T16:10:34","date_gmt":"2014-05-12T14:10:34","guid":{"rendered":"http:\/\/www.rapidosec.com\/neu\/?page_id=17"},"modified":"2025-07-02T20:04:25","modified_gmt":"2025-07-02T18:04:25","slug":"techniker","status":"publish","type":"page","link":"https:\/\/www.rapidosec.com\/neu\/techniker\/","title":{"rendered":"RAPIDOsec Techniker"},"content":{"rendered":"\t\t<div data-elementor-type=\"wp-page\" data-elementor-id=\"17\" class=\"elementor elementor-17\">\n\t\t\t\t\t\t<section class=\"elementor-section elementor-top-section elementor-element elementor-element-46e3362 elementor-section-boxed elementor-section-height-default elementor-section-height-default\" data-id=\"46e3362\" data-element_type=\"section\">\n\t\t\t\t\t\t<div class=\"elementor-container elementor-column-gap-default\">\n\t\t\t\t\t<div class=\"elementor-column elementor-col-100 elementor-top-column elementor-element elementor-element-550e253\" data-id=\"550e253\" data-element_type=\"column\">\n\t\t\t<div class=\"elementor-widget-wrap elementor-element-populated\">\n\t\t\t\t\t\t<div class=\"elementor-element elementor-element-c22ee40 elementor-widget elementor-widget-spacer\" data-id=\"c22ee40\" data-element_type=\"widget\" data-widget_type=\"spacer.default\">\n\t\t\t\t<div class=\"elementor-widget-container\">\n\t\t\t\t\t\t\t<div class=\"elementor-spacer\">\n\t\t\t<div class=\"elementor-spacer-inner\"><\/div>\n\t\t<\/div>\n\t\t\t\t\t\t<\/div>\n\t\t\t\t<\/div>\n\t\t\t\t<div class=\"elementor-element elementor-element-c26f6f8 elementor-widget elementor-widget-heading\" data-id=\"c26f6f8\" data-element_type=\"widget\" data-widget_type=\"heading.default\">\n\t\t\t\t<div class=\"elementor-widget-container\">\n\t\t\t\t\t<h1 class=\"elementor-heading-title elementor-size-default\"><h2>autorisierte <span style=\"color: #fb7016;font-family: 'Westminster', monospace\">RAPIDOsec<sup>\u00ae<\/sup><\/span> Techniker<\/h2>\n<\/h1>\t\t\t\t<\/div>\n\t\t\t\t<\/div>\n\t\t\t\t<div class=\"elementor-element elementor-element-e1ebed8 elementor-widget elementor-widget-spacer\" data-id=\"e1ebed8\" data-element_type=\"widget\" data-widget_type=\"spacer.default\">\n\t\t\t\t<div class=\"elementor-widget-container\">\n\t\t\t\t\t\t\t<div class=\"elementor-spacer\">\n\t\t\t<div class=\"elementor-spacer-inner\"><\/div>\n\t\t<\/div>\n\t\t\t\t\t\t<\/div>\n\t\t\t\t<\/div>\n\t\t\t\t\t<\/div>\n\t\t<\/div>\n\t\t\t\t\t<\/div>\n\t\t<\/section>\n\t\t\t\t<section class=\"elementor-section elementor-top-section elementor-element elementor-element-ae84c9f elementor-section-boxed elementor-section-height-default elementor-section-height-default\" data-id=\"ae84c9f\" data-element_type=\"section\">\n\t\t\t\t\t\t<div class=\"elementor-container elementor-column-gap-default\">\n\t\t\t\t\t<div class=\"elementor-column elementor-col-100 elementor-top-column elementor-element elementor-element-75a39a8\" data-id=\"75a39a8\" data-element_type=\"column\">\n\t\t\t<div class=\"elementor-widget-wrap elementor-element-populated\">\n\t\t\t\t\t\t<div class=\"elementor-element elementor-element-f939c85 elementor-widget elementor-widget-text-editor\" data-id=\"f939c85\" data-element_type=\"widget\" data-widget_type=\"text-editor.default\">\n\t\t\t\t<div class=\"elementor-widget-container\">\n\t\t\t\t\t\t\t\t\t<p class=\"animate animated\">Im Werk werden unsere Techniker speziell ausgebildet.<\/p>\n<p class=\"animate animated\">Jeder von uns autorisierte Techniker ist mit einer Berechtigungskarte ausgestattet.<\/p>\n<p class=\"animate animated\">Diese Berechtigungskarte ist jeweils f\u00fcr ein Jahr g\u00fcltig.<\/p>\n<p class=\"animate animated\">Unsere Techniker haben j\u00e4hrliche Fortbildungstage, um dem neuesten technischen Stand unserer Anlagen gerecht zu werden. In diesen Fortbildungstagen wird nicht nur theoretisches Wissen erworben, sondern auch einige unserer Kunden besucht. Hier kann der autorisierte Techniker im Beisein des Cheftechnikers sein\/ihr Wissen und seine\/ihre Kenntnisse unter Beweis stellen.<\/p>\n<p class=\"animate animated\">Jedes Bauwerk erfordert eine eigene Vorgehensweise. Schon bei der Analyse des Objektes werden von uns hohe Anforderungen an die Techniker gestellt. Nur nach einer perfekten Analyse wird eine umfassende Projektierung durchgef\u00fchrt. Anhand dieser Projektierung k\u00f6nnen wir im Werk Ihre individuelle(n) Anlage(n) herstellen.<\/p>\n<p class=\"animate animated\">Der exzellent ausgebildete Techniker montiert je nach Gegebenheit die Systemanlage\n<span style=\"color: #fb7016; font-family: 'Westminster', monospace; font-weight: bold;font-size: 1.4em;\">RAPIDOsec<sup>\u00ae<\/sup><\/span>.<\/p>\n<p class=\"animate animated\">Dann wird ein Status mittels Messung ermittelt, der dann nach 28 Tagen wieder mit einer Messung verglichen wird. Eine weitere Messung wird dann nach einem halben Jahr durchgef\u00fchrt. J\u00e4hrliche Wartungen werden durchgef\u00fchrt, um die optimale Funktion Ihrer Anlage zu gew\u00e4hrleisten.<\/p>\t\t\t\t\t\t\t\t<\/div>\n\t\t\t\t<\/div>\n\t\t\t\t<div class=\"elementor-element elementor-element-f5bc04c elementor-widget elementor-widget-spacer\" data-id=\"f5bc04c\" data-element_type=\"widget\" data-widget_type=\"spacer.default\">\n\t\t\t\t<div class=\"elementor-widget-container\">\n\t\t\t\t\t\t\t<div class=\"elementor-spacer\">\n\t\t\t<div class=\"elementor-spacer-inner\"><\/div>\n\t\t<\/div>\n\t\t\t\t\t\t<\/div>\n\t\t\t\t<\/div>\n\t\t\t\t\t<\/div>\n\t\t<\/div>\n\t\t\t\t\t<\/div>\n\t\t<\/section>\n\t\t\t\t<section class=\"elementor-section elementor-top-section elementor-element elementor-element-da108b6 elementor-section-boxed elementor-section-height-default elementor-section-height-default\" data-id=\"da108b6\" data-element_type=\"section\">\n\t\t\t\t\t\t<div class=\"elementor-container elementor-column-gap-default\">\n\t\t\t\t\t<div class=\"elementor-column elementor-col-25 elementor-top-column elementor-element elementor-element-5dccf86\" data-id=\"5dccf86\" data-element_type=\"column\">\n\t\t\t<div class=\"elementor-widget-wrap elementor-element-populated\">\n\t\t\t\t\t\t<div class=\"elementor-element elementor-element-c9dd33c elementor-widget elementor-widget-image\" data-id=\"c9dd33c\" data-element_type=\"widget\" data-widget_type=\"image.default\">\n\t\t\t\t<div class=\"elementor-widget-container\">\n\t\t\t\t\t\t\t\t\t\t\t\t\t\t\t<img fetchpriority=\"high\" decoding=\"async\" width=\"493\" height=\"600\" src=\"https:\/\/www.rapidosec.com\/neu\/wp-content\/uploads\/2014\/05\/20150418-DSC_21321.jpg\" class=\"elementor-animation-hang attachment-large size-large wp-image-1218\" alt=\"Ren\u00e9 Koeppel\" srcset=\"https:\/\/www.rapidosec.com\/neu\/wp-content\/uploads\/2014\/05\/20150418-DSC_21321.jpg 493w, https:\/\/www.rapidosec.com\/neu\/wp-content\/uploads\/2014\/05\/20150418-DSC_21321-247x300.jpg 247w\" sizes=\"(max-width: 493px) 100vw, 493px\" \/>\t\t\t\t\t\t\t\t\t\t\t\t\t\t\t<\/div>\n\t\t\t\t<\/div>\n\t\t\t\t<div class=\"elementor-element elementor-element-64096cc elementor-widget elementor-widget-image\" data-id=\"64096cc\" data-element_type=\"widget\" data-widget_type=\"image.default\">\n\t\t\t\t<div class=\"elementor-widget-container\">\n\t\t\t\t\t\t\t\t\t\t\t\t\t\t\t<img decoding=\"async\" width=\"600\" height=\"600\" src=\"https:\/\/www.rapidosec.com\/neu\/wp-content\/uploads\/2014\/05\/20150418-DSC_2149.jpg\" class=\"attachment-large size-large wp-image-1221\" alt=\"Anton Zeder\" srcset=\"https:\/\/www.rapidosec.com\/neu\/wp-content\/uploads\/2014\/05\/20150418-DSC_2149.jpg 600w, https:\/\/www.rapidosec.com\/neu\/wp-content\/uploads\/2014\/05\/20150418-DSC_2149-150x150.jpg 150w, https:\/\/www.rapidosec.com\/neu\/wp-content\/uploads\/2014\/05\/20150418-DSC_2149-300x300.jpg 300w\" sizes=\"(max-width: 600px) 100vw, 600px\" \/>\t\t\t\t\t\t\t\t\t\t\t\t\t\t\t<\/div>\n\t\t\t\t<\/div>\n\t\t\t\t\t<\/div>\n\t\t<\/div>\n\t\t\t\t<div class=\"elementor-column elementor-col-25 elementor-top-column elementor-element elementor-element-e88e665\" data-id=\"e88e665\" data-element_type=\"column\">\n\t\t\t<div class=\"elementor-widget-wrap elementor-element-populated\">\n\t\t\t\t\t\t<div class=\"elementor-element elementor-element-d14475d elementor-widget elementor-widget-image\" data-id=\"d14475d\" data-element_type=\"widget\" data-widget_type=\"image.default\">\n\t\t\t\t<div class=\"elementor-widget-container\">\n\t\t\t\t\t\t\t\t\t\t\t\t\t\t\t<img decoding=\"async\" width=\"683\" height=\"600\" src=\"https:\/\/www.rapidosec.com\/neu\/wp-content\/uploads\/2014\/05\/20150418-DSC_2173.jpg\" class=\"elementor-animation-hang attachment-large size-large wp-image-1219\" alt=\"Philip Zeder\" srcset=\"https:\/\/www.rapidosec.com\/neu\/wp-content\/uploads\/2014\/05\/20150418-DSC_2173.jpg 683w, https:\/\/www.rapidosec.com\/neu\/wp-content\/uploads\/2014\/05\/20150418-DSC_2173-300x264.jpg 300w\" sizes=\"(max-width: 683px) 100vw, 683px\" \/>\t\t\t\t\t\t\t\t\t\t\t\t\t\t\t<\/div>\n\t\t\t\t<\/div>\n\t\t\t\t<div class=\"elementor-element elementor-element-d3f26e6 elementor-widget elementor-widget-image\" data-id=\"d3f26e6\" data-element_type=\"widget\" data-widget_type=\"image.default\">\n\t\t\t\t<div class=\"elementor-widget-container\">\n\t\t\t\t\t\t\t\t\t\t\t\t\t\t\t<img loading=\"lazy\" decoding=\"async\" width=\"573\" height=\"600\" src=\"https:\/\/www.rapidosec.com\/neu\/wp-content\/uploads\/2015\/04\/20150418-DSC_2129.jpg\" class=\"attachment-large size-large wp-image-1203\" alt=\"Beat Oechsli\" srcset=\"https:\/\/www.rapidosec.com\/neu\/wp-content\/uploads\/2015\/04\/20150418-DSC_2129.jpg 573w, https:\/\/www.rapidosec.com\/neu\/wp-content\/uploads\/2015\/04\/20150418-DSC_2129-287x300.jpg 287w\" sizes=\"(max-width: 573px) 100vw, 573px\" \/>\t\t\t\t\t\t\t\t\t\t\t\t\t\t\t<\/div>\n\t\t\t\t<\/div>\n\t\t\t\t\t<\/div>\n\t\t<\/div>\n\t\t\t\t<div class=\"elementor-column elementor-col-25 elementor-top-column elementor-element elementor-element-06fdb2e\" data-id=\"06fdb2e\" data-element_type=\"column\">\n\t\t\t<div class=\"elementor-widget-wrap elementor-element-populated\">\n\t\t\t\t\t\t<div class=\"elementor-element elementor-element-e7c4ad9 elementor-widget elementor-widget-image\" data-id=\"e7c4ad9\" data-element_type=\"widget\" data-widget_type=\"image.default\">\n\t\t\t\t<div class=\"elementor-widget-container\">\n\t\t\t\t\t\t\t\t\t\t\t\t\t\t\t<img loading=\"lazy\" decoding=\"async\" width=\"450\" height=\"600\" src=\"https:\/\/www.rapidosec.com\/neu\/wp-content\/uploads\/2015\/04\/20150418-DSC_21261.jpg\" class=\"elementor-animation-hang attachment-large size-large wp-image-1215\" alt=\"Armin Senger\" srcset=\"https:\/\/www.rapidosec.com\/neu\/wp-content\/uploads\/2015\/04\/20150418-DSC_21261.jpg 450w, https:\/\/www.rapidosec.com\/neu\/wp-content\/uploads\/2015\/04\/20150418-DSC_21261-225x300.jpg 225w\" sizes=\"(max-width: 450px) 100vw, 450px\" \/>\t\t\t\t\t\t\t\t\t\t\t\t\t\t\t<\/div>\n\t\t\t\t<\/div>\n\t\t\t\t<div class=\"elementor-element elementor-element-623dff2 elementor-widget elementor-widget-image\" data-id=\"623dff2\" data-element_type=\"widget\" data-widget_type=\"image.default\">\n\t\t\t\t<div class=\"elementor-widget-container\">\n\t\t\t\t\t\t\t\t\t\t\t\t\t\t\t<img loading=\"lazy\" decoding=\"async\" width=\"401\" height=\"600\" src=\"https:\/\/www.rapidosec.com\/neu\/wp-content\/uploads\/2015\/04\/20150418-DSC_2121.jpg\" class=\"attachment-large size-large wp-image-1200\" alt=\"Christopher Rostock\" srcset=\"https:\/\/www.rapidosec.com\/neu\/wp-content\/uploads\/2015\/04\/20150418-DSC_2121.jpg 401w, https:\/\/www.rapidosec.com\/neu\/wp-content\/uploads\/2015\/04\/20150418-DSC_2121-201x300.jpg 201w\" sizes=\"(max-width: 401px) 100vw, 401px\" \/>\t\t\t\t\t\t\t\t\t\t\t\t\t\t\t<\/div>\n\t\t\t\t<\/div>\n\t\t\t\t\t<\/div>\n\t\t<\/div>\n\t\t\t\t<div class=\"elementor-column elementor-col-25 elementor-top-column elementor-element elementor-element-236d908\" data-id=\"236d908\" data-element_type=\"column\">\n\t\t\t<div class=\"elementor-widget-wrap elementor-element-populated\">\n\t\t\t\t\t\t<div class=\"elementor-element elementor-element-caa67b5 elementor-widget elementor-widget-image\" data-id=\"caa67b5\" data-element_type=\"widget\" data-widget_type=\"image.default\">\n\t\t\t\t<div class=\"elementor-widget-container\">\n\t\t\t\t\t\t\t\t\t\t\t\t\t\t\t<img loading=\"lazy\" decoding=\"async\" width=\"800\" height=\"553\" src=\"https:\/\/www.rapidosec.com\/neu\/wp-content\/uploads\/2015\/04\/20150418-DSC_2113.jpg\" class=\"attachment-large size-large wp-image-1198\" alt=\"Michael Pixner\" srcset=\"https:\/\/www.rapidosec.com\/neu\/wp-content\/uploads\/2015\/04\/20150418-DSC_2113.jpg 800w, https:\/\/www.rapidosec.com\/neu\/wp-content\/uploads\/2015\/04\/20150418-DSC_2113-300x207.jpg 300w\" sizes=\"(max-width: 800px) 100vw, 800px\" \/>\t\t\t\t\t\t\t\t\t\t\t\t\t\t\t<\/div>\n\t\t\t\t<\/div>\n\t\t\t\t\t<\/div>\n\t\t<\/div>\n\t\t\t\t\t<\/div>\n\t\t<\/section>\n\t\t\t\t<\/div>\n\t\t","protected":false},"excerpt":{"rendered":"<p>autorisierte RAPIDOsec\u00ae Techniker Im Werk werden unsere Techniker speziell ausgebildet. Jeder von uns autorisierte Techniker ist mit einer Berechtigungskarte ausgestattet. Diese Berechtigungskarte ist jeweils f\u00fcr ein Jahr g\u00fcltig. Unsere Techniker haben j\u00e4hrliche Fortbildungstage, um dem neuesten technischen Stand unserer Anlagen gerecht zu werden. In diesen Fortbildungstagen wird nicht nur theoretisches Wissen erworben, sondern auch einige [&hellip;]<\/p>\n","protected":false},"author":1,"featured_media":0,"parent":0,"menu_order":30,"comment_status":"closed","ping_status":"closed","template":"","meta":{"footnotes":""},"class_list":["post-17","page","type-page","status-publish","hentry"],"acf":[],"_links":{"self":[{"href":"https:\/\/www.rapidosec.com\/neu\/wp-json\/wp\/v2\/pages\/17","targetHints":{"allow":["GET"]}}],"collection":[{"href":"https:\/\/www.rapidosec.com\/neu\/wp-json\/wp\/v2\/pages"}],"about":[{"href":"https:\/\/www.rapidosec.com\/neu\/wp-json\/wp\/v2\/types\/page"}],"author":[{"embeddable":true,"href":"https:\/\/www.rapidosec.com\/neu\/wp-json\/wp\/v2\/users\/1"}],"replies":[{"embeddable":true,"href":"https:\/\/www.rapidosec.com\/neu\/wp-json\/wp\/v2\/comments?post=17"}],"version-history":[{"count":76,"href":"https:\/\/www.rapidosec.com\/neu\/wp-json\/wp\/v2\/pages\/17\/revisions"}],"predecessor-version":[{"id":2700,"href":"https:\/\/www.rapidosec.com\/neu\/wp-json\/wp\/v2\/pages\/17\/revisions\/2700"}],"wp:attachment":[{"href":"https:\/\/www.rapidosec.com\/neu\/wp-json\/wp\/v2\/media?parent=17"}],"curies":[{"name":"wp","href":"https:\/\/api.w.org\/{rel}","templated":true}]}}